 factors of (-2)/(-8) + c/(-12).
3
Let i = -6 - -9. Suppose -5*u = -i*n + 39 + 37, 36 = 2*n + 4*u. Suppose 0*s + n = 2*y - 3*s, 5*s + 45 = 5*y. What are the prime factors of y?
5
Suppose y = -4*p + 112, -4*y + 234 = -2*y - 2*p. List the prime factors of y.
2, 29
Suppose 4*f + 12 - 1 = h, 0 = 3*h - 4*f - 9. What are the prime factors of (-2)/h + 7 + 0?
3
Let q(n) = n**3 - 3*n**2 + 4*n - 6. Suppose 0*z + 2*z - 8 = 0. List the prime factors of q(z).
2, 13
Let h(r) = r**3 - 9*r**2 - 7*r - 13. Let l be h(10). Suppose -2 = f - l. List the prime factors of f.
3, 5
Let l be (1/2)/((-2)/(-12)). Suppose 0 = -6*r + l*r + 33. What are the prime factors of r?
11
Suppose 0*j - j + 8 = 0. Let k = j + -6. Suppose -3*a + 15 = -0*a - k*v, -4*a - 5*v + 20 = 0. What are the prime factors of a?
5
List the prime factors of 297/11 + -3 + 0.
2, 3
Let d(l) = 9*l - 1. Suppose 3*q - 2*q = 2. List the prime factors of d(q).
17
Suppose -4*v + u = -14, -3*u - 2 - 1 = v. Suppose -v*s = -5*w - 6 - 9, 15 = 3*s - 2*w. Suppose -q = 5, s*j = -2*q - 0*q. List the prime factors of j.
2
Suppose r - 6*r + 165 = 0. Let n be 141*(0 + (-1)/(-3)). Let o = n - r. List the prime factors of o.
2, 7
Let b be (-2 - -5) + 2 + 19. Suppose -r - 4*a = -b, -28 = -3*r - 2*a + 14. What are the prime factors of r?
2, 3
What are the prime factors of 1/5 + 0 - 19943/(-185)?
2, 3
Let l(s) = s**3 - 5*s**2 - 5*s - 2. Let b = -7 - -13. List the prime factors of l(b).
2
Let s be (3 - (-4 + 0))*1. Let c = -3 + s. Suppose 0 = c*o - 2*o - 2*m - 14, -15 = -o + 5*m. What are the prime factors of o?
5
Let c be (-6)/5*(-3 - -8). What are the prime factors of (340/(-30))/(4/c)?
17
Let c(l) = -l + 9. Let q be c(8). Suppose -5 = -2*d - q. Suppose 3*o + 20 = -d*o, 4*o + 46 = 3*f. List the prime factors of f.
2, 5
Suppose 318 = k + 2*k. List the prime factors of k.
2, 53
Suppose 4*a - 37 = -13. Suppose -2*m + 4*q = -a - 0, m - q = 3. Suppose -4 = c - m*c. List the prime factors of c.
2
Suppose -4*s = 3*y + 16, -s = y + 8 - 3. Let o = y - -11. What are the prime factors of o?
7
Let j(k) be the second derivative of -k**4/12 + 4*k**3/3 - 3*k**2 - 3*k. List the prime factors of j(5).
3
Suppose 0 = 4*j - 8, 2*b + 2*j + 86 = 5*b. Suppose 0 = 2*z - 3*z + n + 12, -5*n + b = 4*z. What are the prime factors of z?
2, 5
Suppose -2*v + 5*v + 9 = 0. Suppose 5 + 23 = 2*j. List the prime factors of ((-36)/j)/(v/14).
2, 3
Suppose -2*d - 6 = -4*d + u, 0 = 4*u. Suppose 2*a = -d*a + 3*z + 8, z = -3*a + 16. List the prime factors of a.
2
Let y(u) = -u - 3. Let n(l) = 2*l + 1. Let o be n(-3). Let f be y(o). Suppose -4*z - 7 = -q, 5*z = -f + 7. List the prime factors of q.
11
Suppose -5*i - 3*g - g + 732 = 0, -g = 2. What are the prime factors of i?
2, 37
Let p = 15 - 11. Suppose 2 - p = -o. Suppose -5*s = -10*s + o*j + 36, -9 = -2*s - j. What are the prime factors of s?
2, 3
Suppose 3*z + 2*z = 105. Let c(f) = f**3 - 5*f**2 + f + 4. Let x be c(5). Suppose 3*l - x = z. List the prime factors of l.
2, 5
Suppose 70 + 150 = 5*p. What are the prime factors of p?
2, 11
Suppose 3*s + 20 + 5 = -5*y, -25 = -2*s + 5*y. Suppose 5*r + c + 60 = 0, s = -4*r + 2*r - 5*c - 24. What are the prime factors of 10*(0 - r/15)?
2
Let w be -1*(-63)/(-1 + 0). Let o = -14 - -8. What are the prime factors of ((-2)/(-3))/(o/w)?
7
Suppose -5*x - 5*n + 270 = 0, -3*x + 0*x + 5*n + 138 = 0. Suppose -5*d + 86 = -d - 2*u, -3*d - 3*u = -x. List the prime factors of d.
2, 5
Let p = 884 + -629. List the prime factors of p.
3, 5, 17
Suppose 0 = -5*c - 52 - 58. Let u = 29 + c. What are the prime factors of u?
7
What are the prime factors of (7 + -5)*(3 + 1)?
2
Suppose -5*x = -2*z - 10, 0 = -x + 2*x + z - 9. Suppose -o + 22 = x*s - 123, 5*o = s - 52. What are the prime factors of s?
37
Suppose 2*x = 6*x. Suppose 3*n + 2*n - 50 = x. List the prime factors of n.
2, 5
Suppose -5 = -2*z + 3. Let a = -1 + z. List the prime factors of a.
3
Let q = 615 + -438. What are the prime factors of q?
3, 59
Let f(p) = 4*p**2 + 2*p + 1. Let l be f(-1). Suppose -5*b + 145 = -2*q, -l*q + 8 = -2*b + 66. List the prime factors of b.
29
Let i = -17 + 62. Suppose 5*k = 4*h - 93, i = 5*h - 5*k - 65. Let a = 29 - h. What are the prime factors of a?
2, 3
Suppose 4*h = 20, -32 = -s - 2*h - 11. What are the prime factors of s?
11
Let b be 4 + 2 + 3 + 0. Suppose 0 = -2*y + b + 13. Suppose 4*t = 49 + y. List the prime factors of t.
3, 5
Suppose 5*t - 6 = 34. Let v = -2 - t. What are the prime factors of (-5)/(-2)*(-8)/v?
2
Let a(b) = 4*b - 4. Let i(w) = 13*w - 12. Let z(r) = 7*a(r) - 2*i(r). Let y be (-4)/(-2)*(-4)/(-2). List the prime factors of z(y).
2
Let a = 2 + 1. Suppose -a*u - 4*y = 3, 3*u - 4*y - 24 = -u. List the prime factors of u.
3
Let c(q) = -5*q**2 - 2*q. Let b be c(-3). Let w = b - -25. Let n = -7 - w. What are the prime factors of n?
7
Let p(o) = -o + 2*o + 3 - 1. Let k be p(-2). Suppose 0 = 4*a + 4, 13 = 2*c - 5*a - k*a. What are the prime factors of c?
2
Suppose 4*r - 8 = 16. Let z(w) = 2 - 3 - 1 + w. List the prime factors of z(r).
2
Let d = -156 - -282. What are the prime factors of d?
2, 3, 7
Let b(r) = 2*r**3 - 4*r**2 + 2*r. Let n(w) = -3*w**3 + 5*w**2 - 2*w. Let x(u) = 4*b(u) + 3*n(u). List the prime factors of x(-3).
2, 3
Suppose 3*b = 32 + 58. List the prime factors of b.
2, 3, 5
Let s(v) = 2*v**2 - 6*v + 6. Suppose -a - 3*g = 31, -2*a + 10 - 37 = -g. Let p be (a/20)/((-1)/5). List the prime factors of s(p).
2, 7
Let b(p) = -p**3 + 8*p**2 + 2*p - 7. Let n be b(8). Let h(g) = -g**2 + 10*g + 4. List the prime factors of h(n).
13
Let t be 1/((-4)/300*3). Let o = 61 + t. What are the prime factors of o?
2, 3
Let r be (2 - (-1)/(-1))*2. Suppose 4*g + 6 = 2*z, 0*g - 7 = 5*z + g. What are the prime factors of (-10)/z + -2 + r?
2, 5
Let g(t) = t**2 - 7*t + 4. Suppose -8*i = -3*i - 35. What are the prime factors of g(i)?
2
Suppose 0 = 5*m + 3*s + 5, 0 = m - 3*m - 4*s + 12. Let g = 9 + m. What are the prime factors of g?
5
Suppose -4*c - 21 = -3*l, 0*l + 18 = 3*l - 3*c. Suppose -l*w + 22 = 7. Suppose -2*d + 5*n = -24, -d - 7 = w*n - 4. List the prime factors of d.
7
Suppose 0 = -4*g + 8. List the prime factors of 4/(-6)*(-51)/g.
17
Suppose 13 = -5*u + 53. List the prime factors of u.
2
Let p(o) = 3*o**2 - 4*o + 5. List the prime factors of p(8).
3, 5, 11
Suppose 0 = 2*q + 10, -2*i + 5*i - 4*q - 131 = 0. List the prime factors of i.
37
Suppose -3*r + 20 = 2*r. List the prime factors of r.
2
Let b = -15 - -19. Suppose 3*l + 3*h = 4 + 2, -8 = -4*l + b*h. List the prime factors of l.
2
Let j = -49 - -146. What are the prime factors of j?
97
Let x = 6 + -1. Suppose -47 + 134 = 3*n. Suppose x*l - 61 = 4*w - 8*w, -w + n = 4*l. What are the prime factors of w?
3
Let o be 3 + -2 - (8 - -4). Let w = o + 16. Suppose -19 = -x - w. What are the prime factors of x?
2, 7
Let o be (-72)/(-5) + (-18)/(-30). Let l = 29 - o. Suppose 0*d - 2*d + 2*i + l = 0, 12 = -4*i. List the prime factors of d.
2
Suppose 2*r + 33 = 6*r + 5*m, -2*r = 5*m - 19. List the prime factors of r.
7
List the prime factors of (-171)/(-12) + 5/(-20).
2, 7
Let o(v) = v**3 + v**2 - 3*v + 4. What are the prime factors of o(4)?
2, 3
Suppose h + 0*h - 3 = 0. What are the prime factors of (-1 + h)/((-1)/(-2))?
2
Let b(y) = 6*y**2 - 4*y + 2. Let p be b(3). Suppose p = z + z. List the prime factors of z.
2, 11
Suppose -110 = -4*d + 298. List the prime factors of d.
2, 3, 17
Suppose 0 = -4*q + 11 + 5. Let n be 2 - q - 0/(-1). List the prime factors of (n - 20/(-6))*9.
2, 3
Let d(s) = 3*s - 2. Let k be d(2). Suppose -3*n = 2*r - 10, n = k*r - 2*r - 18. Let m = r - 6. List the prime factors of m.
2
Suppose 5*n = 2*u - 16, -n + 4*u + 13 = 9*u. Let d = 26 + n. Let x = -14 + d. List the prime factors of x.
2, 5
List the prime factors of 1740/10*(-1)/(-2)*1.
3, 29
Suppose 5*g + 2*n = 6*n + 4, 0 = 5*g + 5*n - 40. Suppose -3*d - 4*j = -d - 14, 5*d + g*j - 23 = 0. Suppose 3 = -d*p + 30. What are the prime factors of p?
3
Let p(m) = 2*m**2 - 16*m - 9. Let s be p(12). Suppose -s = -3*r - 27. List the prime factors of r.
2, 5
Suppose -3*o = -2*t + 7*t - 189, -4*t - 3*o = -153. Suppose -32 - t = -2*v. What are the prime factors of v?
2, 17
Suppose 0 = -3*v + 4 + 11. Suppose -g = -0*g - 5, -g = -v*r + 60. Suppose 5*x + 4*c - 34 = 3*x, 3*c + r = 2*x. List t